(base 3) in base 9?
-2227561
-144430452 (base 6) to base 15
-3ea252
Convert 121075a (base 11) to base 3.
10222011022010
What is b17e (base 15) in base 16?
925d
What is -5156 (base 16) in base 2?
-101000101010110
What is d69503 (base 15) in base 5?
10103112003
What is -36544410 (base 7) in base 11?
-1935117
What is -4027231 (base 10) in base 15?
-5483c1
What is -111010100100101011 (base 2) in base 12?
-b6a0b
What is 1211fe (base 16) in base 6?
41214354
Convert -539f2e (base 16) to base 15.
-733b93
134144 (base 6) to base 7
51466
What is -3303103222 (base 5) in base 4?
-123000323113
-1634518 (base 10) to base 12
-669a9a
Convert 6558 (base 12) to base 5.
324111
What is -3d1cad (base 15) in base 2?
-1011001110011000011000
What is 2332203422 (base 5) in base 13?
115448c
-1020021110222 (base 3) to base 8
-2377220
Convert -32596 (base 14) to base 7.
-1015146
What is -44322444 (base 7) in base 14?
-71665b
Convert -1115025 (base 6) to base 4.
-31313321
Convert 1e8b8 (base 15) to base 4.
120120020
Convert -8344 (base 11) to base 2.
-10101100110011
Convert 7621215 (base 8) to base 6.
111422325
123644444 (base 7) to base 14
1090824
What is 121769 (base 11) in base 7?
1431322
Convert -149537 (base 12) to base 8.
-1247673
-307574 (base 8) to base 15
-2047d
Convert -d56cc (base 16) to base 13.
-247b93
110587e (base 15) to base 8
56327132
What is 1214330 (base 5) in base 6?
254522
What is 1100101001000 (base 2) in base 3?
22212201
-2522223 (base 9) to base 7
-14445411
Convert 140771 (base 12) to base 4.
1101101011
What is -1420231122 (base 6) in base 8?
-102220772
1315501 (base 11) to base 10
2276616
Convert 744aa (base 11) to base 8.
323577
-529278 (base 12) to base 7
-14030435
Convert 6927623 (base 10) to base 13.
15872b1
Convert -91b75 (base 12) to base 5.
-22040100
What is -1001010000011101100 (base 2) in base 10?
-303340
What is 14550232 (base 6) in base 15?
a1a92
Convert 45f9ee (base 16) to base 11.
2652560
What is -55354224 (base 6) in base 13?
-463366
2af99 (base 16) to base 14
48213
-12000021001 (base 3) to base 11
-680a1
76050616 (base 8) to base 6
1340445410
What is 222244210 (base 5) in base 6?
32544011
22004432 (base 5) to base 6
4010525
What is -e0211b (base 15) in base 7?
-156265211
-4b7ef (base 16) to base 14
-8099d
23401154 (base 7) to base 6
112152352
Convert -3177a (base 11) to base 10.
-46188
What is -21642644 (base 7) in base 16?
-1ca0e1
What is -10523051 (base 6) in base 9?
-540734
Convert 41230530 (base 6) to base 14.
22c330
Convert 2200112100 (base 3) to base 7.
310104
-155000114 (base 6) to base 3
-20020022001201
2053d (base 14) to base 11
53559
Convert -9d7c8 (base 15) to base 14.
-d0967
What is -14522124 (base 6) in base 9?
-854487
6604273 (base 9) to base 6
204001020
Convert 171403 (base 10) to base 4.
221312023
Convert -24201123 (base 7) to base 11.
-123a676
What is -26717162 (base 8) in base 3?
-102022001101220
What is -2525850 (base 9) in base 6?
-45252243
-24544 (base 11) to base 7
-204540
Convert -20a2597 (base 11) to base 4.
-32011211221
Convert 100001100000101111010 (base 2) to base 7.
12222322
-1626818 (base 12) to base 16
-452714
2b41d (base 15) to base 3
21002002101
-2189d4 (base 14) to base 4
-10111310232
What is -660236 (base 8) in base 15?
-458b2
Convert -55300650 (base 7) to base 11.
-2759872
Convert 226077 (base 10) to base 16.
3731d
Convert -5143203 (base 6) to base 10.
-246963
5719a (base 11) to base 10
82752
What is 220221100101 (base 3) in base 10?
490870
Convert -138728 (base 9) to base 3.
-11022210222
-2d984 (base 14) to base 16
-1bed0
Convert 3124260 (base 8) to base 5.
203021431
Convert 45a62 (base 11) to base 15.
14a82
Convert 236aa (base 15) to base 11.
778a3
-5061af (base 16) to base 5
-2322033022
What is -16122a (base 14) in base 16?
-bc5a6
What is 32203320111 (base 4) in base 7?
44305140
What is -20002243 (base 6) in base 8?
-2106423
Convert -717a32 (base 11) to base 7.
-12540143
100021002112120 (base 3) to base 16
4b1ce9
Convert 122366 (base 11) to base 8.
571626
What is 41318 (base 12) in base 6?
1454032
Convert 1111011111001001111110 (base 2) to base 9.
7566860
What is 100010011110100101 (base 2) in base 10?
141221
What is 64a537 (base 12) in base 8?
6051173
What is -211203424 (base 5) in base 7?
-10331445
What is 10222331120 (base 4) in base 6?
42125052
24e62 (base 16) to base 9
250281
Convert 2234412 (base 5) to base 16.
9c2e
-12106a3 (base 13) to base 2
-10101010110111101111111
Convert 12010514 (base 7) to base 9.
1887082
Convert 3033391 (base 13) to base 9.
30371754
-101002210020100 (base 3) to base 7
-63431544
70895 (base 14) to base 4
1002010103
-13342124033 (base 5) to base 7
-265506635
-23c490 (base 16) to base 14
-450384
-454714 (base 15) to base 7
-40045444
1101411343 (base 5) to base 14
45a9a3
29177 (base 12) to base 9
86481
What is -2440143414 (base 5) in base 13?
-1278296
621a43 (base 15) to base 5
2143210223
-48440 (base 10) to base 3
-2110110002
Convert -3381523 (base 9) to base 5.
-431400423
What is 4032324 (base 5) in base 8?
176312
Convert 110000110001110010100 (base 2) to base 9.
3005471
Convert -8199a (base 16) to base 3.
-222222011211
What is 1112202100 (base 3) in base 14?
b142
-248aa9 (base 11) to base 6
-12225443
What is -44553043 (base 7) in base 2?
-1110101110110101101100
155751b (base 12) to base 3
22011211111112
-3e85a4 (base 15) to base 9
-5605011
What is 411410240 (base 5) in base 7?
20122121
-21132213 (base 5) to base 13
-62856
Convert -70824 (base 16) to base 9.
-772130
Convert 588460 (base 9) to base 6.
11330343
7296194 (base 10) to base 12
253a402
Convert 1220261 (base 7) to base 12.
76492
What is -6015320 (base 9) in base 6?
-152322413
What is b44d (base 14) in base 12?
15b65
Convert -2214656 (base 7) to base 12.
-111bb8
Convert 1115193 (base 10) to base 11.
6a1952
What is -102980d (base 14) in base 10?
-7632645
Convert -49642a3 (base 11) to base 5.
-4202113403
What is 1434122122 (base 5) in base 13?
a3859b
2140441003 (base 5) to base 16
469077
52212545 (base 6) to base 14
2b4677
What is 1ac891 (base 13) in base 6?
22402025
What is 104032000 (base 5) in base 3?
212010111010
-15541213 (base 7) to base 3
-2211111200021
What is -10101100112 (base 3) in base 7?
-365105
Convert -2a9abe (base 15) to base 14.
-3b7d00
Convert 2436011 (base 7) to base 2.
1001100000111110011
Convert 61098a (base 15) to base 10.
4609030
Convert -139170c (base 15) to base 4.
-311321202321
10536303 (base 7) to base 13
2614c8
-44213143 (base 5) to base 3
-201102102012
Convert -154993 (base 11) to base 6.
-5054403
Convert -12303036 (base 8) to base 16.
-29861e
Convert -201013032 (base 4) to base 15.
-2a2c0
What is 210405 (base 7) in base 6?
435400
What is 146b266 (base 12) in base 9?
7676516
10000111110000100 (base 2) to base 10
69508
What is -211001101202 (base 3) in base 2?
-1101001111101111101
16c16 (base 14) to base 3
2220112110
-67a067 (base 12) to base 8
-6241317
Convert 7771346 (base 9) to base 7.
50350446
c0552 (base 13) to base 3
122110101120
What is 33100223 (base 7) in base 3?
12100022102122
Convert 3112332211 (base 4) to base 6.
30512341
2146640 (base 7) to base 13
93287
-7774422 (base 8) to base 10
-2095378
Convert -158829 (base 11) to base 14.
-65887
What is -110001100101100010 (base 2) in base 4?
-301211202
c2a4a (base 15) to base 2
10010110100001111010
What is 1084a7 (base 12) in base 3?
111101021001
Convert 5cbc68 (base 13) to base 7.
24626163
Convert -17222746 (base 9) to base 8.
-40743667
189722d (base 14) to base 12
41028b5
Convert -42792 (base 16) to base 11.
-176622
What is -112ec (base 16) in base 6?
-1301500
What is 101033213013 (base 4) in base 12?
161bb73
Convert -11100110111101111101 (base 2) to base 4.
-3212331331
What is 395847 (base 11) in base 4?
2120000010
124530150 (base 6) to base 12
9b0956
-4b39 (base 12) to base 8
-20535
What is 1100111011100011 (base 2) in base 10?
52963
Convert -766373 (base 9) to base 14.
-bc98c
What is 97822 (base 12) in base 9?
334178
Convert -21200200111202 (base 3) to base 16.
-3e6042
Convert 1350106 (base 7) to base 4.
223332202
Convert -22275 (base 9) to base 7.
-61115
What is -351104 (base 9) in base 8?
-633516
22055 (base 6) to base 5
44214
Convert 152501052 (base 6) to base 10.
3211736
What is -2113132230 (base 5) in base 4?
-100